{"id":97,"date":"2018-11-02T09:14:44","date_gmt":"2018-11-02T09:14:44","guid":{"rendered":"http:\/\/dumelarava.com\/german\/?page_id=97"},"modified":"2025-03-05T13:42:52","modified_gmt":"2025-03-05T13:42:52","slug":"rooms","status":"publish","type":"page","link":"https:\/\/dumelarava.com\/german\/rooms\/","title":{"rendered":"G\u00e4stezimmer"},"content":{"rendered":"\n\n\t<p>Wir bieten Ihnen vier H\u00e4uschen vor: Zulu,Swasi,Xhosa und Bushman.Jedes H\u00e4uschen hat ein Schlafzimmer f\u00fcr ein Paar und ein gro\u00dfes Wohnzimmer mit Schlafm\u00f6glichkeit f\u00fcr vier weitere Personen.Auch vorhanden eine v\u00f6llig ausgestattete Kochnische mit Wasserkocher(Kaffee\/Tee und Milch),Mikrowelle und K\u00fchlschrank.Vor der Haust\u00fcr haben Sie eine schattige Pergola,Whirlpool und Grillplatz.Jedes H\u00e4uschen ist mit Klimaanlage,Satelliten Fernseher und gratis W lan ausgestattet.<\/p>\n<p>&nbsp;<\/p>\n<p>&nbsp;<\/p>\n\t\t\t\t<img decoding=\"async\" src=\"http:\/\/dumelarava.com\/german\/wp-content\/uploads\/2022\/06\/rooms1.jpg\" alt=\"rooms1\" itemprop=\"image\" title=\"rooms1\" onerror=\"this.style.display='none'\"  \/>\n\t\t\t\t<img decoding=\"async\" src=\"https:\/\/dumelarava.com\/dev\/wp-content\/uploads\/2022\/01\/DSC_0015-scaled-e1642429458294.jpg\" alt=\"DSC_0015-scaled-e1642429458294.jpg\" itemprop=\"image\" title=\"DSC_0015-scaled-e1642429458294.jpg\" onerror=\"this.style.display='none'\"  \/>\n\t\t\t\t<img decoding=\"async\" src=\"https:\/\/dumelarava.com\/dev\/wp-content\/uploads\/2022\/01\/IMG_3120-scaled.jpg\" alt=\"IMG_3120-scaled.jpg\" itemprop=\"image\" title=\"IMG_3120-scaled.jpg\" onerror=\"this.style.display='none'\"  \/>\n\t\t\t\t<img decoding=\"async\" src=\"http:\/\/dumelarava.com\/german\/wp-content\/uploads\/2025\/03\/Screenshot_20241126_180544_Photos.jpg\" alt=\"Screenshot_20241126_180544_Photos\" itemprop=\"image\" title=\"Screenshot_20241126_180544_Photos\" onerror=\"this.style.display='none'\"  \/>\n\t\t\t\t<img decoding=\"async\" src=\"http:\/\/dumelarava.com\/german\/wp-content\/uploads\/2025\/03\/20241129_163540-scaled.jpg\" alt=\"20241129_163540\" itemprop=\"image\" title=\"20241129_163540\" onerror=\"this.style.display='none'\"  \/>\n\t\t\t\t<img decoding=\"async\" src=\"http:\/\/dumelarava.com\/german\/wp-content\/uploads\/2025\/03\/20241025_184628-scaled.jpg\" alt=\"20241025_184628\" itemprop=\"image\" title=\"20241025_184628\" onerror=\"this.style.display='none'\"  \/>\n\n","protected":false},"excerpt":{"rendered":"<p>Wir bieten Ihnen vier H\u00e4uschen vor: Zulu,Swasi,Xhosa und Bushman.Jedes H\u00e4uschen hat ein Schlafzimmer f\u00fcr ein Paar und ein gro\u00dfes Wohnzimmer mit Schlafm\u00f6glichkeit f\u00fcr vier weitere Personen.Auch vorhanden eine v\u00f6llig ausgestattete Kochnische mit Wasserkocher(Kaffee\/Tee und Milch),Mikrowelle und K\u00fchlschrank.Vor der Haust\u00fcr haben Sie eine schattige Pergola,Whirlpool und Grillplatz.Jedes H\u00e4uschen ist mit Klimaanlage,Satelliten Fernseher und gratis W lan &hellip; <\/p>\n<p class=\"link-more\"><a href=\"https:\/\/dumelarava.com\/german\/rooms\/\" class=\"more-link\">Continue reading<span class=\"screen-reader-text\"> &#8220;G\u00e4stezimmer&#8221;<\/span><\/a><\/p>\n","protected":false},"author":1,"featured_media":0,"parent":0,"menu_order":0,"comment_status":"closed","ping_status":"closed","template":"","meta":{"footnotes":""},"class_list":["post-97","page","type-page","status-publish","hentry"],"_links":{"self":[{"href":"https:\/\/dumelarava.com\/german\/wp-json\/wp\/v2\/pages\/97","targetHints":{"allow":["GET"]}}],"collection":[{"href":"https:\/\/dumelarava.com\/german\/wp-json\/wp\/v2\/pages"}],"about":[{"href":"https:\/\/dumelarava.com\/german\/wp-json\/wp\/v2\/types\/page"}],"author":[{"embeddable":true,"href":"https:\/\/dumelarava.com\/german\/wp-json\/wp\/v2\/users\/1"}],"replies":[{"embeddable":true,"href":"https:\/\/dumelarava.com\/german\/wp-json\/wp\/v2\/comments?post=97"}],"version-history":[{"count":43,"href":"https:\/\/dumelarava.com\/german\/wp-json\/wp\/v2\/pages\/97\/revisions"}],"predecessor-version":[{"id":576,"href":"https:\/\/dumelarava.com\/german\/wp-json\/wp\/v2\/pages\/97\/revisions\/576"}],"wp:attachment":[{"href":"https:\/\/dumelarava.com\/german\/wp-json\/wp\/v2\/media?parent=97"}],"curies":[{"name":"wp","href":"https:\/\/api.w.org\/{rel}","templated":true}]}}