{"id":14,"date":"2018-11-02T07:56:07","date_gmt":"2018-11-02T07:56:07","guid":{"rendered":"http:\/\/dumelarava.com\/german\/?page_id=14"},"modified":"2025-03-07T13:13:13","modified_gmt":"2025-03-07T13:13:13","slug":"kitchen-and-central-area","status":"publish","type":"page","link":"https:\/\/dumelarava.com\/german\/kitchen-and-central-area\/","title":{"rendered":"K\u00fcche und Zentral Bereich"},"content":{"rendered":"\n\n\t<p>Wir sind stolz Ihnen unseren neu renovierten zentralen Bereich neben der Hauptk\u00fcche vorzustellen,es ist das Herz in Dumela!Hier haben Sie das Privileg sich alle zu versammeln und euch euer Lieblingsessen in der voll ausgestatteten K\u00fcche zuzubereiten. Der Bereich ist gem\u00fctlich eingerichtet(Tisch,St\u00fchle)und Sitzecke zum entspannen mit Brettspiele f\u00fcr Kinder und Erwachsene.Die Hauptk\u00fcche ist mit Backofen und vier gasflammen, Mikrowelle,einem gro\u00dfen K\u00fchlschrank und zwei Sp\u00fclbecken ausgestattet.Alles f\u00fcr Ihren Komfort.<\/p>\n\t\t\t\t<img decoding=\"async\" src=\"https:\/\/dumelarava.com\/wp-content\/uploads\/2022\/06\/20210225_083058.jpg\" alt=\"20210225_083058.jpg\" itemprop=\"image\" title=\"20210225_083058.jpg\" onerror=\"this.style.display='none'\"  \/>\n\t\t\t\t<img decoding=\"async\" src=\"http:\/\/dumelarava.com\/german\/wp-content\/uploads\/2025\/03\/20250215_103613-scaled.jpg\" alt=\"20250215_103613\" itemprop=\"image\" title=\"20250215_103613\" onerror=\"this.style.display='none'\"  \/>\n\t\t\t\t<img decoding=\"async\" src=\"https:\/\/dumelarava.com\/wp-content\/uploads\/2022\/06\/DSC_0025-scaled-e1656416238952-683x1024.jpg\" alt=\"DSC_0025-scaled-e1656416238952-683x1024.jpg\" itemprop=\"image\" title=\"DSC_0025-scaled-e1656416238952-683x1024.jpg\" onerror=\"this.style.display='none'\"  \/>\n\t\t\t\t<img decoding=\"async\" src=\"http:\/\/dumelarava.com\/german\/wp-content\/uploads\/2022\/06\/20220403_094049-scaled.jpg\" alt=\"20220403_094049\" itemprop=\"image\" title=\"20220403_094049\" onerror=\"this.style.display='none'\"  \/>\n\n","protected":false},"excerpt":{"rendered":"<p>Wir sind stolz Ihnen unseren neu renovierten zentralen Bereich neben der Hauptk\u00fcche vorzustellen,es ist das Herz in Dumela!Hier haben Sie das Privileg sich alle zu versammeln und euch euer Lieblingsessen in der voll ausgestatteten K\u00fcche zuzubereiten. Der Bereich ist gem\u00fctlich eingerichtet(Tisch,St\u00fchle)und Sitzecke zum entspannen mit Brettspiele f\u00fcr Kinder und Erwachsene.Die Hauptk\u00fcche ist mit Backofen und &hellip; <\/p>\n<p class=\"link-more\"><a href=\"https:\/\/dumelarava.com\/german\/kitchen-and-central-area\/\" class=\"more-link\">Continue reading<span class=\"screen-reader-text\"> &#8220;K\u00fcche und Zentral Bereich&#8221;<\/span><\/a><\/p>\n","protected":false},"author":1,"featured_media":0,"parent":0,"menu_order":0,"comment_status":"closed","ping_status":"closed","template":"","meta":{"footnotes":""},"class_list":["post-14","page","type-page","status-publish","hentry"],"_links":{"self":[{"href":"https:\/\/dumelarava.com\/german\/wp-json\/wp\/v2\/pages\/14","targetHints":{"allow":["GET"]}}],"collection":[{"href":"https:\/\/dumelarava.com\/german\/wp-json\/wp\/v2\/pages"}],"about":[{"href":"https:\/\/dumelarava.com\/german\/wp-json\/wp\/v2\/types\/page"}],"author":[{"embeddable":true,"href":"https:\/\/dumelarava.com\/german\/wp-json\/wp\/v2\/users\/1"}],"replies":[{"embeddable":true,"href":"https:\/\/dumelarava.com\/german\/wp-json\/wp\/v2\/comments?post=14"}],"version-history":[{"count":31,"href":"https:\/\/dumelarava.com\/german\/wp-json\/wp\/v2\/pages\/14\/revisions"}],"predecessor-version":[{"id":584,"href":"https:\/\/dumelarava.com\/german\/wp-json\/wp\/v2\/pages\/14\/revisions\/584"}],"wp:attachment":[{"href":"https:\/\/dumelarava.com\/german\/wp-json\/wp\/v2\/media?parent=14"}],"curies":[{"name":"wp","href":"https:\/\/api.w.org\/{rel}","templated":true}]}}